{"id":1242,"date":"2025-04-15T17:26:48","date_gmt":"2025-04-15T17:26:48","guid":{"rendered":"https:\/\/harryrijnen.com\/?post_type=mec-events&#038;p=1242"},"modified":"2025-04-15T17:32:49","modified_gmt":"2025-04-15T17:32:49","slug":"theatrale-voordracht-la-rendicion-de-breda-400-anos-despues","status":"publish","type":"mec-events","link":"https:\/\/harryrijnen.com\/nl\/events\/theatrale-voordracht-la-rendicion-de-breda-400-anos-despues\/","title":{"rendered":"Theatrale voordracht \u2018La Rendici\u00f3n de Breda, 400 a\u00f1os despu\u00e9s\u2019"},"content":{"rendered":"<p>Grupo Literario \u2018Encuentros\u2019, Tres Cantos<\/p>\n","protected":false},"excerpt":{"rendered":"<p>Grupo Literario \u2018Encuentros\u2019, Tres Cantos<\/p>\n","protected":false},"author":2,"featured_media":1244,"comment_status":"open","ping_status":"closed","template":"","tags":[],"mec_category":[],"class_list":["post-1242","mec-events","type-mec-events","status-publish","has-post-thumbnail","hentry"],"_links":{"self":[{"href":"https:\/\/harryrijnen.com\/nl\/wp-json\/wp\/v2\/mec-events\/1242","targetHints":{"allow":["GET"]}}],"collection":[{"href":"https:\/\/harryrijnen.com\/nl\/wp-json\/wp\/v2\/mec-events"}],"about":[{"href":"https:\/\/harryrijnen.com\/nl\/wp-json\/wp\/v2\/types\/mec-events"}],"author":[{"embeddable":true,"href":"https:\/\/harryrijnen.com\/nl\/wp-json\/wp\/v2\/users\/2"}],"replies":[{"embeddable":true,"href":"https:\/\/harryrijnen.com\/nl\/wp-json\/wp\/v2\/comments?post=1242"}],"wp:featuredmedia":[{"embeddable":true,"href":"https:\/\/harryrijnen.com\/nl\/wp-json\/wp\/v2\/media\/1244"}],"wp:attachment":[{"href":"https:\/\/harryrijnen.com\/nl\/wp-json\/wp\/v2\/media?parent=1242"}],"wp:term":[{"taxonomy":"post_tag","embeddable":true,"href":"https:\/\/harryrijnen.com\/nl\/wp-json\/wp\/v2\/tags?post=1242"},{"taxonomy":"mec_category","embeddable":true,"href":"https:\/\/harryrijnen.com\/nl\/wp-json\/wp\/v2\/mec_category?post=1242"}],"curies":[{"name":"wp","href":"https:\/\/api.w.org\/{rel}","templated":true}]}}

Theatrale voordracht ‘La Rendición de Breda, 400 años después’
